visor of 70 and 50?
10
What is the greatest common factor of 105 and 4845?
15
What is the greatest common divisor of 391 and 34?
17
What is the highest common factor of 2299 and 1254?
209
What is the highest common divisor of 226 and 8701?
113
What is the greatest common factor of 42 and 4242?
42
What is the greatest common factor of 1173 and 690?
69
Calculate the highest common factor of 12 and 30.
6
What is the highest common factor of 78 and 78?
78
What is the greatest common factor of 187 and 33?
11
Calculate the highest common divisor of 12 and 112.
4
Calculate the greatest common divisor of 178 and 32.
2
What is the greatest common factor of 84 and 28?
28
Calculate the highest common factor of 93 and 341.
31
What is the greatest common factor of 931 and 98?
49
What is the greatest common divisor of 35 and 1715?
35
Calculate the highest common divisor of 22 and 2.
2
Calculate the highest common factor of 826 and 14.
14
Calculate the greatest common divisor of 455 and 26.
13
Calculate the greatest common factor of 174 and 116.
58
Calculate the highest common divisor of 4899 and 355.
71
Calculate the greatest common factor of 87 and 12.
3
What is the highest common divisor of 1708 and 294?
14
What is the highest common divisor of 17 and 527?
17
What is the greatest common factor of 228 and 432?
12
Calculate the greatest common divisor of 99 and 704.
11
What is the highest common divisor of 165 and 363?
33
Calculate the highest common factor of 108 and 135.
27
What is the highest common factor of 427 and 61?
61
Calculate the highest common factor of 5713 and 58.
29
What is the greatest common factor of 16 and 64?
16
What is the greatest common factor of 933 and 12?
3
What is the greatest common factor of 48 and 24?
24
What is the greatest common factor of 9582 and 6?
6
What is the highest common divisor of 180 and 13815?
45
Calculate the greatest common factor of 54 and 678.
6
Calculate the highest common divisor of 780 and 120.
60
What is the greatest common divisor of 37 and 407?
37
Calculate the highest common divisor of 32 and 9376.
32
Calculate the highest common divisor of 11 and 1309.
11
What is the greatest common divisor of 3 and 19?
1
What is the greatest common factor of 82 and 10578?
82
What is the highest common factor of 56 and 616?
56
Calculate the highest common factor of 88 and 36.
4
What is the highest common factor of 204 and 2380?
68
What is the highest common factor of 138 and 1242?
138
Calculate the highest common divisor of 190 and 665.
95
Calculate the greatest common factor of 80 and 144.
16
What is the highest common factor of 2058 and 126?
42
What is the highest common divisor of 315 and 175?
35
What is the highest common factor of 77 and 451?
11
Calculate the greatest common factor of 260 and 60.
20
What is the highest common divisor of 6 and 3072?
6
Calculate the greatest common factor of 3042 and 247.
13
Calculate the greatest common divisor of 232 and 29.
29
What is the highest common divisor of 12236 and 23?
23
Calculate the greatest common divisor of 76011 and 39.
39
Calculate the highest common factor of 522 and 72.
18
Calculate the highest common factor of 6993 and 222.
111
Calculate the highest common divisor of 2464 and 80.
16
What is the greatest common divisor of 873 and 8633?
97
What is the greatest common factor of 4095 and 117?
117
Calculate the highest common divisor of 82 and 15498.
82
What is the greatest common divisor of 75 and 425?
25
Calculate the highest common factor of 252 and 2688.
84
What is the greatest common divisor of 25063 and 71?
71
Calculate the greatest common divisor of 54 and 135.
27
What is the greatest common divisor of 45 and 657?
9
What is the highest common divisor of 492 and 36?
12
Calculate the greatest common divisor of 63 and 12159.
63
Calculate the greatest common factor of 93 and 26071.
31
What is the highest common factor of 290 and 3422?
58
Calculate the greatest common factor of 203 and 377.
29
What is the greatest common divisor of 942 and 12?
6
What is the highest common divisor of 9 and 1?
1
Calculate the greatest common factor of 260 and 16.
4
What is the highest common factor of 13 and 1781?
13
What is the greatest common factor of 2380 and 350?
70
Calculate the greatest common factor of 2004 and 48.
12
Calculate the highest common factor of 27297 and 162.
81
What is the highest common factor of 10880 and 1190?
170
Calculate the greatest common divisor of 8 and 3.
1
What is the highest common factor of 6 and 39?
3
What is the greatest common factor of 28 and 156?
4
What is the highest common divisor of 793 and 39?
13
Calculate the greatest common factor of 45 and 525.
15
Calculate the highest common divisor of 522 and 116.
58
Calculate the highest common divisor of 30 and 13830.
30
Calculate the highest common factor of 136 and 612.
68
Calculate the greatest common divisor of 11 and 11.
11
What is the highest common factor of 1869 and 63?
21
What is the highest common factor of 1222 and 208?
26
What is the greatest common factor of 156 and 572?
52
Calculate the highest common divisor of 7198 and 122.
122
What is the greatest common factor of 112 and 3892?
28
What is the greatest common factor of 1 and 7?
1
What is the highest common divisor of 2375 and 19?
19
Calculate the highest common factor of 4 and 188.
4
Calculate the greatest common divisor of 161 and 253.
23
Calculate the greatest common factor of 21 and 2429.
7
What is the highest common factor of 10413 and 9?
9
Calculate the highest common factor of 176 and 220.
44
What is the greatest common divisor of 1386 and 315?
63
Calculate the highest common divisor of 100 and 4.
4
Calculate the greatest common factor of 338 and 6.
2
Calculate the highest common factor of 42 and 2366.
14
Calculate the greatest common divisor of 4596 and 132.
12
What is the greatest common factor of 156 and 3159?
39
What is the greatest common factor of 9 and 6264?
9
What is the highest common factor of 29 and 1247?
29
What is the greatest common divisor of 8675 and 25?
25
What is the highest common divisor of 22 and 6?
2
Calculate the greatest common divisor of 1794 and 78.
78
Calculate the greatest common factor of 270 and 2670.
30
Calculate the greatest common factor of 540 and 40.
20
Calculate the highest common divisor of 2960 and 112.
16
Calculate the greatest common divisor of 1189 and 41.
41
Calculate the highest common factor of 21768 and 32.
8
What is the highest common factor of 114 and 14?
2
Calculate the highest common factor of 846 and 9682.
94
What is the highest common factor of 1078 and 2646?
98
What is the highest common factor of 425 and 3740?
85
Calculate the greatest common factor of 314 and 50.
2
Calculate the greatest common divisor of 256 and 128.
128
What is the greatest common divisor of 20 and 70?
10
Calculate the greatest common divisor of 784 and 49.
49
Calculate the greatest common divisor of 209 and 38.
19
Calculate the greatest common factor of 10 and 110.
10
Calculate the greatest common divisor of 34 and 12410.
34
Calculate the highest common factor of 2200 and 297.
11
What is the highest common factor of 306 and 510?
102
What is the highest common factor of 40915 and 98?
49
Calculate the greatest common factor of 16 and 272.
16
What is the greatest common factor of 1 and 181?
1
What is the highest common factor of 32 and 8?
8
Calculate the highest common factor of 184 and 115.
23
Calculate the highest common factor of 612 and 340.
68
Calculate the greatest common divisor of 112 and 176.
16
Calculate the greatest common factor of 252 and 1071.
63
Calculate the highest common divisor of 3 and 201.
3
What is the greatest common divisor of 1416 and 12?
12
Calculate the highest common divisor of 82 and 14.
2
Calculate the highest common divisor of 24 and 564.
12
Calculate the highest common factor of 116 and 551.
29
What is the highest common divisor of 80 and 176?
16
Calculate the greatest common divisor of 1480 and 35.
5
Calculate the highest common divisor of 164 and 1066.
82
What is the greatest common divisor of 27 and 63?
9
What is the greatest common divisor of 122 and 4087?
61
What is the greatest common divisor of 819 and 91?
91
What is the greatest common divisor of 32 and 160?
32
Wh